{"id":2,"date":"2009-01-03T19:19:56","date_gmt":"2009-01-03T19:19:56","guid":{"rendered":"https:\/\/hataysuaritma.com\/?page_id=2"},"modified":"2023-11-03T21:02:26","modified_gmt":"2023-11-03T21:02:26","slug":"sample-page","status":"publish","type":"page","link":"https:\/\/hataysuaritma.com\/?page_id=2","title":{"rendered":"HAKKIMIZDA"},"content":{"rendered":"\n<p>2009 YILINDA VOLKAN D\u0130KMEN TARAFINDAN DEFNE \u00c7EKMECE&#8217;DE H\u0130ZMETLER\u0130NE BA\u015eLAYIP \u015eUBELER\u0130N\u0130 \u00c7O\u011eALTIP FAAL\u0130YETLER\u0130NE DEVAM ETMEKTED\u0130R<\/p>\n\n\n\n<p>B\u0130R \u00c7OK MARKAYI HATAY&#8217;A GET\u0130R\u0130P ANA BAY\u0130L\u0130KLER\u0130N\u0130 VE YETK\u0130L\u0130 SERV\u0130SL\u0130KLER\u0130N\u0130 S\u00dcRD\u00dcRMEKTED\u0130R<\/p>\n\n\n\n<p>SANTRAL:03262324632 GSM: 05321200648<\/p>\n\n\n\n<figure class=\"wp-block-gallery has-nested-images columns-default is-cropped wp-block-gallery-1 is-layout-flex wp-block-gallery-is-layout-flex\">\n<figure class=\"wp-block-image size-large\"><img loading=\"lazy\" decoding=\"async\" width=\"1024\" height=\"768\" data-id=\"21\" src=\"https:\/\/hataysuaritma.com\/wp-content\/uploads\/2023\/11\/MERKEZ-UGURMUMCU-1024x768.jpg\" alt=\"\" class=\"wp-image-21\" srcset=\"https:\/\/hataysuaritma.com\/wp-content\/uploads\/2023\/11\/MERKEZ-UGURMUMCU-1024x768.jpg 1024w, https:\/\/hataysuaritma.com\/wp-content\/uploads\/2023\/11\/MERKEZ-UGURMUMCU-300x225.jpg 300w, https:\/\/hataysuaritma.com\/wp-content\/uploads\/2023\/11\/MERKEZ-UGURMUMCU-768x576.jpg 768w, https:\/\/hataysuaritma.com\/wp-content\/uploads\/2023\/11\/MERKEZ-UGURMUMCU-1536x1152.jpg 1536w, https:\/\/hataysuaritma.com\/wp-content\/uploads\/2023\/11\/MERKEZ-UGURMUMCU.jpg 1600w\" sizes=\"(max-width: 1024px) 100vw, 1024px\" \/><\/figure>\n<\/figure>\n\n\n\n<figure class=\"wp-block-gallery has-nested-images columns-default is-cropped wp-block-gallery-2 is-layout-flex wp-block-gallery-is-layout-flex\">\n<figure class=\"wp-block-image size-large\"><img loading=\"lazy\" decoding=\"async\" width=\"906\" height=\"1024\" data-id=\"19\" src=\"https:\/\/hataysuaritma.com\/wp-content\/uploads\/2023\/11\/IMG_20221120_160530_2-906x1024.jpg\" alt=\"\" class=\"wp-image-19\" srcset=\"https:\/\/hataysuaritma.com\/wp-content\/uploads\/2023\/11\/IMG_20221120_160530_2-906x1024.jpg 906w, https:\/\/hataysuaritma.com\/wp-content\/uploads\/2023\/11\/IMG_20221120_160530_2-265x300.jpg 265w, https:\/\/hataysuaritma.com\/wp-content\/uploads\/2023\/11\/IMG_20221120_160530_2-768x868.jpg 768w, https:\/\/hataysuaritma.com\/wp-content\/uploads\/2023\/11\/IMG_20221120_160530_2-1358x1536.jpg 1358w, https:\/\/hataysuaritma.com\/wp-content\/uploads\/2023\/11\/IMG_20221120_160530_2-1024x1158.jpg 1024w, https:\/\/hataysuaritma.com\/wp-content\/uploads\/2023\/11\/IMG_20221120_160530_2.jpg 1766w\" sizes=\"(max-width: 906px) 100vw, 906px\" \/><\/figure>\n<\/figure>\n","protected":false},"excerpt":{"rendered":"<p>2009 YILINDA VOLKAN D\u0130KMEN TARAFINDAN DEFNE \u00c7EKMECE&#8217;DE H\u0130ZMETLER\u0130NE BA\u015eLAYIP \u015eUBELER\u0130N\u0130 \u00c7O\u011eALTIP FAAL\u0130YETLER\u0130NE DEVAM ETMEKTED\u0130R B\u0130R \u00c7OK MARKAYI HATAY&#8217;A GET\u0130R\u0130P ANA BAY\u0130L\u0130KLER\u0130N\u0130 VE YETK\u0130L\u0130 SERV\u0130SL\u0130KLER\u0130N\u0130 S\u00dcRD\u00dcRMEKTED\u0130R SANTRAL:03262324632 GSM: 05321200648<\/p>\n","protected":false},"author":1,"featured_media":0,"parent":0,"menu_order":0,"comment_status":"closed","ping_status":"closed","template":"","meta":{"footnotes":""},"_links":{"self":[{"href":"https:\/\/hataysuaritma.com\/index.php?rest_route=\/wp\/v2\/pages\/2"}],"collection":[{"href":"https:\/\/hataysuaritma.com\/index.php?rest_route=\/wp\/v2\/pages"}],"about":[{"href":"https:\/\/hataysuaritma.com\/index.php?rest_route=\/wp\/v2\/types\/page"}],"author":[{"embeddable":true,"href":"https:\/\/hataysuaritma.com\/index.php?rest_route=\/wp\/v2\/users\/1"}],"replies":[{"embeddable":true,"href":"https:\/\/hataysuaritma.com\/index.php?rest_route=%2Fwp%2Fv2%2Fcomments&post=2"}],"version-history":[{"count":2,"href":"https:\/\/hataysuaritma.com\/index.php?rest_route=\/wp\/v2\/pages\/2\/revisions"}],"predecessor-version":[{"id":22,"href":"https:\/\/hataysuaritma.com\/index.php?rest_route=\/wp\/v2\/pages\/2\/revisions\/22"}],"wp:attachment":[{"href":"https:\/\/hataysuaritma.com\/index.php?rest_route=%2Fwp%2Fv2%2Fmedia&parent=2"}],"curies":[{"name":"wp","href":"https:\/\/api.w.org\/{rel}","templated":true}]}}